


	{"id":1894,"date":"2023-05-01T22:43:02","date_gmt":"2023-05-01T15:43:02","guid":{"rendered":"https:\/\/vananland.com\/vinhomescentralpark\/?post_type=product&#038;p=1894"},"modified":"2026-04-04T21:36:56","modified_gmt":"2026-04-04T14:36:56","slug":"thue-can-ho-2-phong-ngu-toa-park-4-duoc-trang-bi-noi-that-day-du-nam-o-khu-vuc-tang-cao-tam-view-son","status":"publish","type":"product","link":"https:\/\/vananland.com\/vinhomescentralpark\/san-pham\/thue-can-ho-2-phong-ngu-toa-park-4-duoc-trang-bi-noi-that-day-du-nam-o-khu-vuc-tang-cao-tam-view-son\/","title":{"rendered":"Thu\u00ea c\u0103n h\u1ed9 2 ph\u00f2ng ng\u1ee7 t\u00f2a Park 4 \u00a0\u0111\u01b0\u1ee3c trang b\u1ecb n\u1ed9i th\u1ea5t \u0111\u1ea7y \u0111\u1ee7, n\u1eb1m \u1edf khu v\u1ef1c t\u1ea7ng cao, t\u1ea7m view s\u00f4n"},"content":{"rendered":"<p>Thu\u00ea c\u0103n h\u1ed9 2 ph\u00f2ng ng\u1ee7 t\u00f2a Park 4 \u00a0\u0111\u01b0\u1ee3c trang b\u1ecb n\u1ed9i th\u1ea5t \u0111\u1ea7y \u0111\u1ee7, n\u1eb1m \u1edf khu v\u1ef1c t\u1ea7ng cao, t\u1ea7m view s\u00f4ng<\/p>\n<p>Gi\u00e1 thu\u00ea: 24 tri\u1ec7u\/th\u00e1ng<\/p>\n<p>C\u0103n h\u1ed9 thi\u1ebft k\u1ebf bao g\u1ed3m 1 ph\u00f2ng kh\u00e1ch, 2 ph\u00f2ng ng\u1ee7, 2 nh\u00e0 v\u1ec7 sinh, gian b\u1ebfp, ban c\u00f4ng.<\/p>\n<p>Di\u1ec7n t\u00edch tin t\u01b0\u1eddng: 88 m2<\/p>\n<p>Di\u1ec7n t\u00edch th\u00f4ng th\u1ee7y: 83,3 m2<\/p>\n<p>N\u1ed9i th\u1ea5t b\u00e0n giao: Full n\u1ed9i th\u1ea5t.<\/p>\n<p>H\u1ed7 tr\u1ee3 xem nh\u00e0 24\/7<\/p>\n<p>Tr\u1edf th\u00e0nh ch\u1ee7 nh\u00e2n danh gi\u00e1 t\u1ea1i khu d\u00e2n c\u01b0 \u0111\u00e1ng s\u1ed1ng b\u1eadc nh\u1ea5t TP.HCM ngay h\u00f4m nay v\u1edbi gi\u00e1 b\u00e1n t\u1ed1t nh\u1ea5t!<\/p>\n","protected":false},"excerpt":{"rendered":"<p>Thu\u00ea c\u0103n h\u1ed9 2 ph\u00f2ng ng\u1ee7 t\u00f2a Park 4 \u00a0\u0111\u01b0\u1ee3c trang b\u1ecb n\u1ed9i th\u1ea5t \u0111\u1ea7y \u0111\u1ee7, n\u1eb1m \u1edf khu v\u1ef1c t\u1ea7ng cao, t\u1ea7m view s\u00f4ng Gi\u00e1 thu\u00ea: 24 tri\u1ec7u\/th\u00e1ng C\u0103n h\u1ed9 thi\u1ebft k\u1ebf bao g\u1ed3m 1 ph\u00f2ng kh\u00e1ch, 2 ph\u00f2ng ng\u1ee7, 2 nh\u00e0 v\u1ec7 sinh, gian b\u1ebfp, ban c\u00f4ng. Di\u1ec7n t\u00edch tin t\u01b0\u1eddng: 88 m2&#8230;<\/p>\n","protected":false},"featured_media":1902,"template":"","meta":[],"product_brand":[],"product_cat":[44],"product_tag":[],"class_list":{"0":"post-1894","1":"product","2":"type-product","3":"status-publish","4":"has-post-thumbnail","6":"product_cat-cho-thue-2-phong-ngu-vinhomes-central-park","8":"first","9":"instock","10":"shipping-taxable","11":"purchasable","12":"product-type-simple"},"yoast_head":"<!-- This site is optimized with the Yoast SEO plugin v27.2 - https:\/\/yoast.com\/product\/yoast-seo-wordpress\/ -->\n<title>Thu\u00ea c\u0103n h\u1ed9 2 ph\u00f2ng ng\u1ee7 t\u00f2a Park 4 \u00a0\u0111\u01b0\u1ee3c trang b\u1ecb n\u1ed9i th\u1ea5t \u0111\u1ea7y \u0111\u1ee7, n\u1eb1m \u1edf khu v\u1ef1c t\u1ea7ng cao, t\u1ea7m view s\u00f4n - Vinhomes Central Park<\/title>\n<meta name=\"robots\" content=\"index, follow, max-snippet:-1, max-image-preview:large, max-video-preview:-1\" \/>\n<link rel=\"canonical\" href=\"https:\/\/vananland.com\/vinhomescentralpark\/san-pham\/thue-can-ho-2-phong-ngu-toa-park-4-duoc-trang-bi-noi-that-day-du-nam-o-khu-vuc-tang-cao-tam-view-son\/\" \/>\n<meta property=\"og:locale\" content=\"vi_VN\" \/>\n<meta property=\"og:type\" content=\"article\" \/>\n<meta property=\"og:title\" content=\"Thu\u00ea c\u0103n h\u1ed9 2 ph\u00f2ng ng\u1ee7 t\u00f2a Park 4 \u00a0\u0111\u01b0\u1ee3c trang b\u1ecb n\u1ed9i th\u1ea5t \u0111\u1ea7y \u0111\u1ee7, n\u1eb1m \u1edf khu v\u1ef1c t\u1ea7ng cao, t\u1ea7m view s\u00f4n - Vinhomes Central Park\" \/>\n<meta property=\"og:description\" content=\"Thu\u00ea c\u0103n h\u1ed9 2 ph\u00f2ng ng\u1ee7 t\u00f2a Park 4 \u00a0\u0111\u01b0\u1ee3c trang b\u1ecb n\u1ed9i th\u1ea5t \u0111\u1ea7y \u0111\u1ee7, n\u1eb1m \u1edf khu v\u1ef1c t\u1ea7ng cao, t\u1ea7m view s\u00f4ng Gi\u00e1 thu\u00ea: 24 tri\u1ec7u\/th\u00e1ng C\u0103n h\u1ed9 thi\u1ebft k\u1ebf bao g\u1ed3m 1 ph\u00f2ng kh\u00e1ch, 2 ph\u00f2ng ng\u1ee7, 2 nh\u00e0 v\u1ec7 sinh, gian b\u1ebfp, ban c\u00f4ng. Di\u1ec7n t\u00edch tin t\u01b0\u1eddng: 88 m2...\" \/>\n<meta property=\"og:url\" content=\"https:\/\/vananland.com\/vinhomescentralpark\/san-pham\/thue-can-ho-2-phong-ngu-toa-park-4-duoc-trang-bi-noi-that-day-du-nam-o-khu-vuc-tang-cao-tam-view-son\/\" \/>\n<meta property=\"og:site_name\" content=\"Vinhomes Central Park\" \/>\n<meta property=\"article:modified_time\" content=\"2026-04-04T14:36:56+00:00\" \/>\n<meta property=\"og:image\" content=\"https:\/\/vananland.com\/vinhomescentralpark\/wp-content\/uploads\/2023\/05\/z4310106772770_99845d40f682a501249b4d8f26922ecc.jpg\" \/>\n\t<meta property=\"og:image:width\" content=\"1280\" \/>\n\t<meta property=\"og:image:height\" content=\"852\" \/>\n\t<meta property=\"og:image:type\" content=\"image\/jpeg\" \/>\n<meta name=\"twitter:card\" content=\"summary_large_image\" \/>\n<meta name=\"twitter:label1\" content=\"\u01af\u1edbc t\u00ednh th\u1eddi gian \u0111\u1ecdc\" \/>\n\t<meta name=\"twitter:data1\" content=\"1 ph\u00fat\" \/>\n<script type=\"application\/ld+json\" class=\"yoast-schema-graph\">{\"@context\":\"https:\/\/schema.org\",\"@graph\":[{\"@type\":\"WebPage\",\"@id\":\"https:\/\/vananland.com\/vinhomescentralpark\/san-pham\/thue-can-ho-2-phong-ngu-toa-park-4-duoc-trang-bi-noi-that-day-du-nam-o-khu-vuc-tang-cao-tam-view-son\/\",\"url\":\"https:\/\/vananland.com\/vinhomescentralpark\/san-pham\/thue-can-ho-2-phong-ngu-toa-park-4-duoc-trang-bi-noi-that-day-du-nam-o-khu-vuc-tang-cao-tam-view-son\/\",\"name\":\"Thu\u00ea c\u0103n h\u1ed9 2 ph\u00f2ng ng\u1ee7 t\u00f2a Park 4 \u00a0\u0111\u01b0\u1ee3c trang b\u1ecb n\u1ed9i th\u1ea5t \u0111\u1ea7y \u0111\u1ee7, n\u1eb1m \u1edf khu v\u1ef1c t\u1ea7ng cao, t\u1ea7m view s\u00f4n - Vinhomes Central Park\",\"isPartOf\":{\"@id\":\"https:\/\/vananland.com\/vinhomescentralpark\/#website\"},\"primaryImageOfPage\":{\"@id\":\"https:\/\/vananland.com\/vinhomescentralpark\/san-pham\/thue-can-ho-2-phong-ngu-toa-park-4-duoc-trang-bi-noi-that-day-du-nam-o-khu-vuc-tang-cao-tam-view-son\/#primaryimage\"},\"image\":{\"@id\":\"https:\/\/vananland.com\/vinhomescentralpark\/san-pham\/thue-can-ho-2-phong-ngu-toa-park-4-duoc-trang-bi-noi-that-day-du-nam-o-khu-vuc-tang-cao-tam-view-son\/#primaryimage\"},\"thumbnailUrl\":\"https:\/\/vananland.com\/vinhomescentralpark\/wp-content\/uploads\/2023\/05\/z4310106772770_99845d40f682a501249b4d8f26922ecc.jpg\",\"datePublished\":\"2023-05-01T15:43:02+00:00\",\"dateModified\":\"2026-04-04T14:36:56+00:00\",\"breadcrumb\":{\"@id\":\"https:\/\/vananland.com\/vinhomescentralpark\/san-pham\/thue-can-ho-2-phong-ngu-toa-park-4-duoc-trang-bi-noi-that-day-du-nam-o-khu-vuc-tang-cao-tam-view-son\/#breadcrumb\"},\"inLanguage\":\"vi\",\"potentialAction\":[{\"@type\":\"ReadAction\",\"target\":[\"https:\/\/vananland.com\/vinhomescentralpark\/san-pham\/thue-can-ho-2-phong-ngu-toa-park-4-duoc-trang-bi-noi-that-day-du-nam-o-khu-vuc-tang-cao-tam-view-son\/\"]}]},{\"@type\":\"ImageObject\",\"inLanguage\":\"vi\",\"@id\":\"https:\/\/vananland.com\/vinhomescentralpark\/san-pham\/thue-can-ho-2-phong-ngu-toa-park-4-duoc-trang-bi-noi-that-day-du-nam-o-khu-vuc-tang-cao-tam-view-son\/#primaryimage\",\"url\":\"https:\/\/vananland.com\/vinhomescentralpark\/wp-content\/uploads\/2023\/05\/z4310106772770_99845d40f682a501249b4d8f26922ecc.jpg\",\"contentUrl\":\"https:\/\/vananland.com\/vinhomescentralpark\/wp-content\/uploads\/2023\/05\/z4310106772770_99845d40f682a501249b4d8f26922ecc.jpg\",\"width\":1280,\"height\":852},{\"@type\":\"BreadcrumbList\",\"@id\":\"https:\/\/vananland.com\/vinhomescentralpark\/san-pham\/thue-can-ho-2-phong-ngu-toa-park-4-duoc-trang-bi-noi-that-day-du-nam-o-khu-vuc-tang-cao-tam-view-son\/#breadcrumb\",\"itemListElement\":[{\"@type\":\"ListItem\",\"position\":1,\"name\":\"Home\",\"item\":\"https:\/\/vananland.com\/vinhomescentralpark\/\"},{\"@type\":\"ListItem\",\"position\":2,\"name\":\"C\u1eeda h\u00e0ng\",\"item\":\"https:\/\/vananland.com\/vinhomescentralpark\/mua\/\"},{\"@type\":\"ListItem\",\"position\":3,\"name\":\"Thu\u00ea c\u0103n h\u1ed9 2 ph\u00f2ng ng\u1ee7 t\u00f2a Park 4 \u00a0\u0111\u01b0\u1ee3c trang b\u1ecb n\u1ed9i th\u1ea5t \u0111\u1ea7y \u0111\u1ee7, n\u1eb1m \u1edf khu v\u1ef1c t\u1ea7ng cao, t\u1ea7m view s\u00f4n\"}]},{\"@type\":\"WebSite\",\"@id\":\"https:\/\/vananland.com\/vinhomescentralpark\/#website\",\"url\":\"https:\/\/vananland.com\/vinhomescentralpark\/\",\"name\":\"Vinhomes Central Park\",\"description\":\"\",\"potentialAction\":[{\"@type\":\"SearchAction\",\"target\":{\"@type\":\"EntryPoint\",\"urlTemplate\":\"https:\/\/vananland.com\/vinhomescentralpark\/?s={search_term_string}\"},\"query-input\":{\"@type\":\"PropertyValueSpecification\",\"valueRequired\":true,\"valueName\":\"search_term_string\"}}],\"inLanguage\":\"vi\"}]}<\/script>\n<!-- \/ Yoast SEO plugin. -->","yoast_head_json":{"title":"Thu\u00ea c\u0103n h\u1ed9 2 ph\u00f2ng ng\u1ee7 t\u00f2a Park 4 \u00a0\u0111\u01b0\u1ee3c trang b\u1ecb n\u1ed9i th\u1ea5t \u0111\u1ea7y \u0111\u1ee7, n\u1eb1m \u1edf khu v\u1ef1c t\u1ea7ng cao, t\u1ea7m view s\u00f4n - Vinhomes Central Park","robots":{"index":"index","follow":"follow","max-snippet":"max-snippet:-1","max-image-preview":"max-image-preview:large","max-video-preview":"max-video-preview:-1"},"canonical":"https:\/\/vananland.com\/vinhomescentralpark\/san-pham\/thue-can-ho-2-phong-ngu-toa-park-4-duoc-trang-bi-noi-that-day-du-nam-o-khu-vuc-tang-cao-tam-view-son\/","og_locale":"vi_VN","og_type":"article","og_title":"Thu\u00ea c\u0103n h\u1ed9 2 ph\u00f2ng ng\u1ee7 t\u00f2a Park 4 \u00a0\u0111\u01b0\u1ee3c trang b\u1ecb n\u1ed9i th\u1ea5t \u0111\u1ea7y \u0111\u1ee7, n\u1eb1m \u1edf khu v\u1ef1c t\u1ea7ng cao, t\u1ea7m view s\u00f4n - Vinhomes Central Park","og_description":"Thu\u00ea c\u0103n h\u1ed9 2 ph\u00f2ng ng\u1ee7 t\u00f2a Park 4 \u00a0\u0111\u01b0\u1ee3c trang b\u1ecb n\u1ed9i th\u1ea5t \u0111\u1ea7y \u0111\u1ee7, n\u1eb1m \u1edf khu v\u1ef1c t\u1ea7ng cao, t\u1ea7m view s\u00f4ng Gi\u00e1 thu\u00ea: 24 tri\u1ec7u\/th\u00e1ng C\u0103n h\u1ed9 thi\u1ebft k\u1ebf bao g\u1ed3m 1 ph\u00f2ng kh\u00e1ch, 2 ph\u00f2ng ng\u1ee7, 2 nh\u00e0 v\u1ec7 sinh, gian b\u1ebfp, ban c\u00f4ng. Di\u1ec7n t\u00edch tin t\u01b0\u1eddng: 88 m2...","og_url":"https:\/\/vananland.com\/vinhomescentralpark\/san-pham\/thue-can-ho-2-phong-ngu-toa-park-4-duoc-trang-bi-noi-that-day-du-nam-o-khu-vuc-tang-cao-tam-view-son\/","og_site_name":"Vinhomes Central Park","article_modified_time":"2026-04-04T14:36:56+00:00","og_image":[{"width":1280,"height":852,"url":"https:\/\/vananland.com\/vinhomescentralpark\/wp-content\/uploads\/2023\/05\/z4310106772770_99845d40f682a501249b4d8f26922ecc.jpg","type":"image\/jpeg"}],"twitter_card":"summary_large_image","twitter_misc":{"\u01af\u1edbc t\u00ednh th\u1eddi gian \u0111\u1ecdc":"1 ph\u00fat"},"schema":{"@context":"https:\/\/schema.org","@graph":[{"@type":"WebPage","@id":"https:\/\/vananland.com\/vinhomescentralpark\/san-pham\/thue-can-ho-2-phong-ngu-toa-park-4-duoc-trang-bi-noi-that-day-du-nam-o-khu-vuc-tang-cao-tam-view-son\/","url":"https:\/\/vananland.com\/vinhomescentralpark\/san-pham\/thue-can-ho-2-phong-ngu-toa-park-4-duoc-trang-bi-noi-that-day-du-nam-o-khu-vuc-tang-cao-tam-view-son\/","name":"Thu\u00ea c\u0103n h\u1ed9 2 ph\u00f2ng ng\u1ee7 t\u00f2a Park 4 \u00a0\u0111\u01b0\u1ee3c trang b\u1ecb n\u1ed9i th\u1ea5t \u0111\u1ea7y \u0111\u1ee7, n\u1eb1m \u1edf khu v\u1ef1c t\u1ea7ng cao, t\u1ea7m view s\u00f4n - Vinhomes Central Park","isPartOf":{"@id":"https:\/\/vananland.com\/vinhomescentralpark\/#website"},"primaryImageOfPage":{"@id":"https:\/\/vananland.com\/vinhomescentralpark\/san-pham\/thue-can-ho-2-phong-ngu-toa-park-4-duoc-trang-bi-noi-that-day-du-nam-o-khu-vuc-tang-cao-tam-view-son\/#primaryimage"},"image":{"@id":"https:\/\/vananland.com\/vinhomescentralpark\/san-pham\/thue-can-ho-2-phong-ngu-toa-park-4-duoc-trang-bi-noi-that-day-du-nam-o-khu-vuc-tang-cao-tam-view-son\/#primaryimage"},"thumbnailUrl":"https:\/\/vananland.com\/vinhomescentralpark\/wp-content\/uploads\/2023\/05\/z4310106772770_99845d40f682a501249b4d8f26922ecc.jpg","datePublished":"2023-05-01T15:43:02+00:00","dateModified":"2026-04-04T14:36:56+00:00","breadcrumb":{"@id":"https:\/\/vananland.com\/vinhomescentralpark\/san-pham\/thue-can-ho-2-phong-ngu-toa-park-4-duoc-trang-bi-noi-that-day-du-nam-o-khu-vuc-tang-cao-tam-view-son\/#breadcrumb"},"inLanguage":"vi","potentialAction":[{"@type":"ReadAction","target":["https:\/\/vananland.com\/vinhomescentralpark\/san-pham\/thue-can-ho-2-phong-ngu-toa-park-4-duoc-trang-bi-noi-that-day-du-nam-o-khu-vuc-tang-cao-tam-view-son\/"]}]},{"@type":"ImageObject","inLanguage":"vi","@id":"https:\/\/vananland.com\/vinhomescentralpark\/san-pham\/thue-can-ho-2-phong-ngu-toa-park-4-duoc-trang-bi-noi-that-day-du-nam-o-khu-vuc-tang-cao-tam-view-son\/#primaryimage","url":"https:\/\/vananland.com\/vinhomescentralpark\/wp-content\/uploads\/2023\/05\/z4310106772770_99845d40f682a501249b4d8f26922ecc.jpg","contentUrl":"https:\/\/vananland.com\/vinhomescentralpark\/wp-content\/uploads\/2023\/05\/z4310106772770_99845d40f682a501249b4d8f26922ecc.jpg","width":1280,"height":852},{"@type":"BreadcrumbList","@id":"https:\/\/vananland.com\/vinhomescentralpark\/san-pham\/thue-can-ho-2-phong-ngu-toa-park-4-duoc-trang-bi-noi-that-day-du-nam-o-khu-vuc-tang-cao-tam-view-son\/#breadcrumb","itemListElement":[{"@type":"ListItem","position":1,"name":"Home","item":"https:\/\/vananland.com\/vinhomescentralpark\/"},{"@type":"ListItem","position":2,"name":"C\u1eeda h\u00e0ng","item":"https:\/\/vananland.com\/vinhomescentralpark\/mua\/"},{"@type":"ListItem","position":3,"name":"Thu\u00ea c\u0103n h\u1ed9 2 ph\u00f2ng ng\u1ee7 t\u00f2a Park 4 \u00a0\u0111\u01b0\u1ee3c trang b\u1ecb n\u1ed9i th\u1ea5t \u0111\u1ea7y \u0111\u1ee7, n\u1eb1m \u1edf khu v\u1ef1c t\u1ea7ng cao, t\u1ea7m view s\u00f4n"}]},{"@type":"WebSite","@id":"https:\/\/vananland.com\/vinhomescentralpark\/#website","url":"https:\/\/vananland.com\/vinhomescentralpark\/","name":"Vinhomes Central Park","description":"","potentialAction":[{"@type":"SearchAction","target":{"@type":"EntryPoint","urlTemplate":"https:\/\/vananland.com\/vinhomescentralpark\/?s={search_term_string}"},"query-input":{"@type":"PropertyValueSpecification","valueRequired":true,"valueName":"search_term_string"}}],"inLanguage":"vi"}]}},"_links":{"self":[{"href":"https:\/\/vananland.com\/vinhomescentralpark\/wp-json\/wp\/v2\/product\/1894","targetHints":{"allow":["GET"]}}],"collection":[{"href":"https:\/\/vananland.com\/vinhomescentralpark\/wp-json\/wp\/v2\/product"}],"about":[{"href":"https:\/\/vananland.com\/vinhomescentralpark\/wp-json\/wp\/v2\/types\/product"}],"wp:featuredmedia":[{"embeddable":true,"href":"https:\/\/vananland.com\/vinhomescentralpark\/wp-json\/wp\/v2\/media\/1902"}],"wp:attachment":[{"href":"https:\/\/vananland.com\/vinhomescentralpark\/wp-json\/wp\/v2\/media?parent=1894"}],"wp:term":[{"taxonomy":"product_brand","embeddable":true,"href":"https:\/\/vananland.com\/vinhomescentralpark\/wp-json\/wp\/v2\/product_brand?post=1894"},{"taxonomy":"product_cat","embeddable":true,"href":"https:\/\/vananland.com\/vinhomescentralpark\/wp-json\/wp\/v2\/product_cat?post=1894"},{"taxonomy":"product_tag","embeddable":true,"href":"https:\/\/vananland.com\/vinhomescentralpark\/wp-json\/wp\/v2\/product_tag?post=1894"}],"curies":[{"name":"wp","href":"https:\/\/api.w.org\/{rel}","templated":true}]}}