


	{"id":1836,"date":"2023-04-27T03:23:08","date_gmt":"2023-04-26T20:23:08","guid":{"rendered":"https:\/\/vananland.com\/vinhomescentralpark\/?post_type=product&#038;p=1836"},"modified":"2023-04-27T10:49:56","modified_gmt":"2023-04-27T03:49:56","slug":"cho-thue-can-ho-3-phong-ngu-park-2","status":"publish","type":"product","link":"https:\/\/vananland.com\/vinhomescentralpark\/san-pham\/cho-thue-can-ho-3-phong-ngu-park-2\/","title":{"rendered":"Cho thu\u00ea c\u0103n h\u1ed9 3 ph\u00f2ng ng\u1ee7 Park 2"},"content":{"rendered":"<p>C\u0103n h\u1ed9 3 ph\u00f2ng ng\u1ee7 di\u1ec7n t\u00edch r\u1ed9ng Park 2 cho thu\u00ea nhanh nhanh gi\u00e1 t\u1ed1t, c\u0103n h\u1ed9 \u0111\u01b0\u1ee3c trang b\u1ecb n\u1ed9i th\u1ea5t \u0111\u1ea7y \u0111\u1ee7 c\u00f9ng t\u1ea7m view tho\u00e1ng.<\/p>\n<p>C\u0103n h\u1ed9 thi\u1ebft k\u1ebf g\u1ed3m 1 ph\u00f2ng kh\u00e1ch, 3 ph\u00f2ng ng\u1ee7, 2WC, B\u1ebfp m\u1edf, ban c\u00f4ng v\u00e0 logia<\/p>\n<p>Di\u1ec7n t\u00edch: 114,5 m2<\/p>\n<p>H\u01b0\u1edbng ban c\u00f4ng: \u0110\u00f4ng B\u1eafc<\/p>\n<p>N\u1ed9i th\u1ea5t b\u00e0n giao: Full n\u1ed9i th\u1ea5t m\u1edbi cao c\u1ea5p.<\/p>\n<p>H\u1ed7 tr\u1ee3 xem nh\u00e0 24\/7<\/p>\n","protected":false},"excerpt":{"rendered":"<p>C\u0103n h\u1ed9 3 ph\u00f2ng ng\u1ee7 di\u1ec7n t\u00edch r\u1ed9ng Park 2 cho thu\u00ea nhanh nhanh gi\u00e1 t\u1ed1t, c\u0103n h\u1ed9 \u0111\u01b0\u1ee3c trang b\u1ecb n\u1ed9i th\u1ea5t \u0111\u1ea7y \u0111\u1ee7 c\u00f9ng t\u1ea7m view tho\u00e1ng. C\u0103n h\u1ed9 thi\u1ebft k\u1ebf g\u1ed3m 1 ph\u00f2ng kh\u00e1ch, 3 ph\u00f2ng ng\u1ee7, 2WC, B\u1ebfp m\u1edf, ban c\u00f4ng v\u00e0 logia Di\u1ec7n t\u00edch: 114,5 m2 H\u01b0\u1edbng ban c\u00f4ng: \u0110\u00f4ng&#8230;<\/p>\n","protected":false},"featured_media":1840,"template":"","meta":[],"product_brand":[],"product_cat":[47],"product_tag":[],"class_list":{"0":"post-1836","1":"product","2":"type-product","3":"status-publish","4":"has-post-thumbnail","6":"product_cat-cho-thue-3-phong-ngu-vinhomes-central-park","8":"first","9":"instock","10":"shipping-taxable","11":"purchasable","12":"product-type-simple"},"yoast_head":"<!-- This site is optimized with the Yoast SEO plugin v27.2 - https:\/\/yoast.com\/product\/yoast-seo-wordpress\/ -->\n<title>Cho thu\u00ea c\u0103n h\u1ed9 3 ph\u00f2ng ng\u1ee7 Park 2 - Vinhomes Central Park<\/title>\n<meta name=\"robots\" content=\"index, follow, max-snippet:-1, max-image-preview:large, max-video-preview:-1\" \/>\n<link rel=\"canonical\" href=\"https:\/\/vananland.com\/vinhomescentralpark\/san-pham\/cho-thue-can-ho-3-phong-ngu-park-2\/\" \/>\n<meta property=\"og:locale\" content=\"vi_VN\" \/>\n<meta property=\"og:type\" content=\"article\" \/>\n<meta property=\"og:title\" content=\"Cho thu\u00ea c\u0103n h\u1ed9 3 ph\u00f2ng ng\u1ee7 Park 2 - Vinhomes Central Park\" \/>\n<meta property=\"og:description\" content=\"C\u0103n h\u1ed9 3 ph\u00f2ng ng\u1ee7 di\u1ec7n t\u00edch r\u1ed9ng Park 2 cho thu\u00ea nhanh nhanh gi\u00e1 t\u1ed1t, c\u0103n h\u1ed9 \u0111\u01b0\u1ee3c trang b\u1ecb n\u1ed9i th\u1ea5t \u0111\u1ea7y \u0111\u1ee7 c\u00f9ng t\u1ea7m view tho\u00e1ng. C\u0103n h\u1ed9 thi\u1ebft k\u1ebf g\u1ed3m 1 ph\u00f2ng kh\u00e1ch, 3 ph\u00f2ng ng\u1ee7, 2WC, B\u1ebfp m\u1edf, ban c\u00f4ng v\u00e0 logia Di\u1ec7n t\u00edch: 114,5 m2 H\u01b0\u1edbng ban c\u00f4ng: \u0110\u00f4ng...\" \/>\n<meta property=\"og:url\" content=\"https:\/\/vananland.com\/vinhomescentralpark\/san-pham\/cho-thue-can-ho-3-phong-ngu-park-2\/\" \/>\n<meta property=\"og:site_name\" content=\"Vinhomes Central Park\" \/>\n<meta property=\"article:modified_time\" content=\"2023-04-27T03:49:56+00:00\" \/>\n<meta property=\"og:image\" content=\"https:\/\/vananland.com\/vinhomescentralpark\/wp-content\/uploads\/2023\/04\/cho-thue-can-ho-3-pn-landmark-2-3-2.jpg\" \/>\n\t<meta property=\"og:image:width\" content=\"895\" \/>\n\t<meta property=\"og:image:height\" content=\"672\" \/>\n\t<meta property=\"og:image:type\" content=\"image\/jpeg\" \/>\n<meta name=\"twitter:card\" content=\"summary_large_image\" \/>\n<meta name=\"twitter:label1\" content=\"\u01af\u1edbc t\u00ednh th\u1eddi gian \u0111\u1ecdc\" \/>\n\t<meta name=\"twitter:data1\" content=\"1 ph\u00fat\" \/>\n<script type=\"application\/ld+json\" class=\"yoast-schema-graph\">{\"@context\":\"https:\/\/schema.org\",\"@graph\":[{\"@type\":\"WebPage\",\"@id\":\"https:\/\/vananland.com\/vinhomescentralpark\/san-pham\/cho-thue-can-ho-3-phong-ngu-park-2\/\",\"url\":\"https:\/\/vananland.com\/vinhomescentralpark\/san-pham\/cho-thue-can-ho-3-phong-ngu-park-2\/\",\"name\":\"Cho thu\u00ea c\u0103n h\u1ed9 3 ph\u00f2ng ng\u1ee7 Park 2 - Vinhomes Central Park\",\"isPartOf\":{\"@id\":\"https:\/\/vananland.com\/vinhomescentralpark\/#website\"},\"primaryImageOfPage\":{\"@id\":\"https:\/\/vananland.com\/vinhomescentralpark\/san-pham\/cho-thue-can-ho-3-phong-ngu-park-2\/#primaryimage\"},\"image\":{\"@id\":\"https:\/\/vananland.com\/vinhomescentralpark\/san-pham\/cho-thue-can-ho-3-phong-ngu-park-2\/#primaryimage\"},\"thumbnailUrl\":\"https:\/\/vananland.com\/vinhomescentralpark\/wp-content\/uploads\/2023\/04\/cho-thue-can-ho-3-pn-landmark-2-3-2.jpg\",\"datePublished\":\"2023-04-26T20:23:08+00:00\",\"dateModified\":\"2023-04-27T03:49:56+00:00\",\"breadcrumb\":{\"@id\":\"https:\/\/vananland.com\/vinhomescentralpark\/san-pham\/cho-thue-can-ho-3-phong-ngu-park-2\/#breadcrumb\"},\"inLanguage\":\"vi\",\"potentialAction\":[{\"@type\":\"ReadAction\",\"target\":[\"https:\/\/vananland.com\/vinhomescentralpark\/san-pham\/cho-thue-can-ho-3-phong-ngu-park-2\/\"]}]},{\"@type\":\"ImageObject\",\"inLanguage\":\"vi\",\"@id\":\"https:\/\/vananland.com\/vinhomescentralpark\/san-pham\/cho-thue-can-ho-3-phong-ngu-park-2\/#primaryimage\",\"url\":\"https:\/\/vananland.com\/vinhomescentralpark\/wp-content\/uploads\/2023\/04\/cho-thue-can-ho-3-pn-landmark-2-3-2.jpg\",\"contentUrl\":\"https:\/\/vananland.com\/vinhomescentralpark\/wp-content\/uploads\/2023\/04\/cho-thue-can-ho-3-pn-landmark-2-3-2.jpg\",\"width\":895,\"height\":672},{\"@type\":\"BreadcrumbList\",\"@id\":\"https:\/\/vananland.com\/vinhomescentralpark\/san-pham\/cho-thue-can-ho-3-phong-ngu-park-2\/#breadcrumb\",\"itemListElement\":[{\"@type\":\"ListItem\",\"position\":1,\"name\":\"Home\",\"item\":\"https:\/\/vananland.com\/vinhomescentralpark\/\"},{\"@type\":\"ListItem\",\"position\":2,\"name\":\"C\u1eeda h\u00e0ng\",\"item\":\"https:\/\/vananland.com\/vinhomescentralpark\/mua\/\"},{\"@type\":\"ListItem\",\"position\":3,\"name\":\"Cho thu\u00ea c\u0103n h\u1ed9 3 ph\u00f2ng ng\u1ee7 Park 2\"}]},{\"@type\":\"WebSite\",\"@id\":\"https:\/\/vananland.com\/vinhomescentralpark\/#website\",\"url\":\"https:\/\/vananland.com\/vinhomescentralpark\/\",\"name\":\"Vinhomes Central Park\",\"description\":\"\",\"potentialAction\":[{\"@type\":\"SearchAction\",\"target\":{\"@type\":\"EntryPoint\",\"urlTemplate\":\"https:\/\/vananland.com\/vinhomescentralpark\/?s={search_term_string}\"},\"query-input\":{\"@type\":\"PropertyValueSpecification\",\"valueRequired\":true,\"valueName\":\"search_term_string\"}}],\"inLanguage\":\"vi\"}]}<\/script>\n<!-- \/ Yoast SEO plugin. -->","yoast_head_json":{"title":"Cho thu\u00ea c\u0103n h\u1ed9 3 ph\u00f2ng ng\u1ee7 Park 2 - Vinhomes Central Park","robots":{"index":"index","follow":"follow","max-snippet":"max-snippet:-1","max-image-preview":"max-image-preview:large","max-video-preview":"max-video-preview:-1"},"canonical":"https:\/\/vananland.com\/vinhomescentralpark\/san-pham\/cho-thue-can-ho-3-phong-ngu-park-2\/","og_locale":"vi_VN","og_type":"article","og_title":"Cho thu\u00ea c\u0103n h\u1ed9 3 ph\u00f2ng ng\u1ee7 Park 2 - Vinhomes Central Park","og_description":"C\u0103n h\u1ed9 3 ph\u00f2ng ng\u1ee7 di\u1ec7n t\u00edch r\u1ed9ng Park 2 cho thu\u00ea nhanh nhanh gi\u00e1 t\u1ed1t, c\u0103n h\u1ed9 \u0111\u01b0\u1ee3c trang b\u1ecb n\u1ed9i th\u1ea5t \u0111\u1ea7y \u0111\u1ee7 c\u00f9ng t\u1ea7m view tho\u00e1ng. C\u0103n h\u1ed9 thi\u1ebft k\u1ebf g\u1ed3m 1 ph\u00f2ng kh\u00e1ch, 3 ph\u00f2ng ng\u1ee7, 2WC, B\u1ebfp m\u1edf, ban c\u00f4ng v\u00e0 logia Di\u1ec7n t\u00edch: 114,5 m2 H\u01b0\u1edbng ban c\u00f4ng: \u0110\u00f4ng...","og_url":"https:\/\/vananland.com\/vinhomescentralpark\/san-pham\/cho-thue-can-ho-3-phong-ngu-park-2\/","og_site_name":"Vinhomes Central Park","article_modified_time":"2023-04-27T03:49:56+00:00","og_image":[{"width":895,"height":672,"url":"https:\/\/vananland.com\/vinhomescentralpark\/wp-content\/uploads\/2023\/04\/cho-thue-can-ho-3-pn-landmark-2-3-2.jpg","type":"image\/jpeg"}],"twitter_card":"summary_large_image","twitter_misc":{"\u01af\u1edbc t\u00ednh th\u1eddi gian \u0111\u1ecdc":"1 ph\u00fat"},"schema":{"@context":"https:\/\/schema.org","@graph":[{"@type":"WebPage","@id":"https:\/\/vananland.com\/vinhomescentralpark\/san-pham\/cho-thue-can-ho-3-phong-ngu-park-2\/","url":"https:\/\/vananland.com\/vinhomescentralpark\/san-pham\/cho-thue-can-ho-3-phong-ngu-park-2\/","name":"Cho thu\u00ea c\u0103n h\u1ed9 3 ph\u00f2ng ng\u1ee7 Park 2 - Vinhomes Central Park","isPartOf":{"@id":"https:\/\/vananland.com\/vinhomescentralpark\/#website"},"primaryImageOfPage":{"@id":"https:\/\/vananland.com\/vinhomescentralpark\/san-pham\/cho-thue-can-ho-3-phong-ngu-park-2\/#primaryimage"},"image":{"@id":"https:\/\/vananland.com\/vinhomescentralpark\/san-pham\/cho-thue-can-ho-3-phong-ngu-park-2\/#primaryimage"},"thumbnailUrl":"https:\/\/vananland.com\/vinhomescentralpark\/wp-content\/uploads\/2023\/04\/cho-thue-can-ho-3-pn-landmark-2-3-2.jpg","datePublished":"2023-04-26T20:23:08+00:00","dateModified":"2023-04-27T03:49:56+00:00","breadcrumb":{"@id":"https:\/\/vananland.com\/vinhomescentralpark\/san-pham\/cho-thue-can-ho-3-phong-ngu-park-2\/#breadcrumb"},"inLanguage":"vi","potentialAction":[{"@type":"ReadAction","target":["https:\/\/vananland.com\/vinhomescentralpark\/san-pham\/cho-thue-can-ho-3-phong-ngu-park-2\/"]}]},{"@type":"ImageObject","inLanguage":"vi","@id":"https:\/\/vananland.com\/vinhomescentralpark\/san-pham\/cho-thue-can-ho-3-phong-ngu-park-2\/#primaryimage","url":"https:\/\/vananland.com\/vinhomescentralpark\/wp-content\/uploads\/2023\/04\/cho-thue-can-ho-3-pn-landmark-2-3-2.jpg","contentUrl":"https:\/\/vananland.com\/vinhomescentralpark\/wp-content\/uploads\/2023\/04\/cho-thue-can-ho-3-pn-landmark-2-3-2.jpg","width":895,"height":672},{"@type":"BreadcrumbList","@id":"https:\/\/vananland.com\/vinhomescentralpark\/san-pham\/cho-thue-can-ho-3-phong-ngu-park-2\/#breadcrumb","itemListElement":[{"@type":"ListItem","position":1,"name":"Home","item":"https:\/\/vananland.com\/vinhomescentralpark\/"},{"@type":"ListItem","position":2,"name":"C\u1eeda h\u00e0ng","item":"https:\/\/vananland.com\/vinhomescentralpark\/mua\/"},{"@type":"ListItem","position":3,"name":"Cho thu\u00ea c\u0103n h\u1ed9 3 ph\u00f2ng ng\u1ee7 Park 2"}]},{"@type":"WebSite","@id":"https:\/\/vananland.com\/vinhomescentralpark\/#website","url":"https:\/\/vananland.com\/vinhomescentralpark\/","name":"Vinhomes Central Park","description":"","potentialAction":[{"@type":"SearchAction","target":{"@type":"EntryPoint","urlTemplate":"https:\/\/vananland.com\/vinhomescentralpark\/?s={search_term_string}"},"query-input":{"@type":"PropertyValueSpecification","valueRequired":true,"valueName":"search_term_string"}}],"inLanguage":"vi"}]}},"_links":{"self":[{"href":"https:\/\/vananland.com\/vinhomescentralpark\/wp-json\/wp\/v2\/product\/1836","targetHints":{"allow":["GET"]}}],"collection":[{"href":"https:\/\/vananland.com\/vinhomescentralpark\/wp-json\/wp\/v2\/product"}],"about":[{"href":"https:\/\/vananland.com\/vinhomescentralpark\/wp-json\/wp\/v2\/types\/product"}],"wp:featuredmedia":[{"embeddable":true,"href":"https:\/\/vananland.com\/vinhomescentralpark\/wp-json\/wp\/v2\/media\/1840"}],"wp:attachment":[{"href":"https:\/\/vananland.com\/vinhomescentralpark\/wp-json\/wp\/v2\/media?parent=1836"}],"wp:term":[{"taxonomy":"product_brand","embeddable":true,"href":"https:\/\/vananland.com\/vinhomescentralpark\/wp-json\/wp\/v2\/product_brand?post=1836"},{"taxonomy":"product_cat","embeddable":true,"href":"https:\/\/vananland.com\/vinhomescentralpark\/wp-json\/wp\/v2\/product_cat?post=1836"},{"taxonomy":"product_tag","embeddable":true,"href":"https:\/\/vananland.com\/vinhomescentralpark\/wp-json\/wp\/v2\/product_tag?post=1836"}],"curies":[{"name":"wp","href":"https:\/\/api.w.org\/{rel}","templated":true}]}}