


	{"id":1679,"date":"2023-04-26T11:38:30","date_gmt":"2023-04-26T04:38:30","guid":{"rendered":"https:\/\/vananland.com\/vinhomescentralpark\/?post_type=product&#038;p=1679"},"modified":"2023-04-27T11:37:47","modified_gmt":"2023-04-27T04:37:47","slug":"ban-4-phong-ngu-vinhomes-tan-cang-187m2-view-song","status":"publish","type":"product","link":"https:\/\/vananland.com\/vinhomescentralpark\/san-pham\/ban-4-phong-ngu-vinhomes-tan-cang-187m2-view-song\/","title":{"rendered":"B\u00e1n 4 ph\u00f2ng ng\u1ee7 Vinhomes T\u00e2n C\u1ea3ng 187m2 view s\u00f4ng"},"content":{"rendered":"<p>Gi\u00e1 B\u00e1n : 17 t\u1ef7<\/p>\n<p>\u2013 T\u00ecnh tr\u1ea1ng n\u1ed9i th\u1ea5t: n\u1ed9i th\u1ea5t \u0111\u1ea7y \u0111\u1ee7<\/p>\n<p>\u2013 Thu\u1ed9c khu: Park 2 Vinhomes Central Park T\u00e2n C\u1ea3ng<\/p>\n<p>\u2013 T\u00ecnh tr\u1ea1ng ph\u00e1p l\u00fd: S\u1edf h\u1eefu l\u00e2u d\u00e0i<\/p>\n<p>\u2013 View c\u0103n h\u1ed9: view s\u00f4ng kh\u00f4ng ch\u1eafn<\/p>\n<p>Ch\u00ednh ch\u1ee7 c\u1ea7n b\u00e1n g\u1ea5p, n\u00ean c\u00f3 gi\u00e1 c\u1ef1c t\u1ed1t trong th\u00e1ng n\u00e0y.<\/p>\n<p>V\u1ecb tr\u00ed: Vinhomes Central Park T\u00e2n C\u1ea3ng 720A \u0110i\u1ec7n Bi\u00ean Ph\u1ee7, ph\u01b0\u1eddng 22, qu\u1eadn B\u00ecnh Th\u1ea1nh, TP. H\u1ed3 Ch\u00ed Minh<\/p>\n<p>Vinhomes Central Park th\u1eeba h\u01b0\u1edfng tr\u1ecdn v\u1eb9n m\u1ecdi gi\u00e1 tr\u1ecb \u0111\u1ec9nh cao c\u1ee7a s\u1ef1 th\u01b0\u1ee3ng l\u01b0u, h\u1ed9i t\u1ee5 \u0111\u1ea7y \u0111\u1ee7 ti\u1ec7n \u00edch v\u01b0\u1ee3t tr\u1ed9i, m\u00f4i tr\u01b0\u1eddng s\u1ed1ng xanh trong l\u00e0nh, c\u1ed9ng \u0111\u1ed3ng c\u01b0 d\u00e2n v\u0103n minh tri th\u1ee9c. \u0111\u00e2y ch\u00ednh l\u00e0 n\u01a1i t\u1ea1o n\u00ean gi\u00e1 tr\u1ecb \u0111\u00edch th\u1ef1c c\u1ee7a cu\u1ed9c s\u1ed1ng.<\/p>\n","protected":false},"excerpt":{"rendered":"<p>Gi\u00e1 B\u00e1n : 17 t\u1ef7 \u2013 T\u00ecnh tr\u1ea1ng n\u1ed9i th\u1ea5t: n\u1ed9i th\u1ea5t \u0111\u1ea7y \u0111\u1ee7 \u2013 Thu\u1ed9c khu: Park 2 Vinhomes Central Park T\u00e2n C\u1ea3ng \u2013 T\u00ecnh tr\u1ea1ng ph\u00e1p l\u00fd: S\u1edf h\u1eefu l\u00e2u d\u00e0i \u2013 View c\u0103n h\u1ed9: view s\u00f4ng kh\u00f4ng ch\u1eafn Ch\u00ednh ch\u1ee7 c\u1ea7n b\u00e1n g\u1ea5p, n\u00ean c\u00f3 gi\u00e1 c\u1ef1c t\u1ed1t trong th\u00e1ng n\u00e0y. V\u1ecb&#8230;<\/p>\n","protected":false},"featured_media":1683,"template":"","meta":[],"product_brand":[],"product_cat":[42],"product_tag":[],"class_list":{"0":"post-1679","1":"product","2":"type-product","3":"status-publish","4":"has-post-thumbnail","6":"product_cat-ban-4-phong-ngu-vinhomes-central-park","8":"first","9":"instock","10":"shipping-taxable","11":"purchasable","12":"product-type-simple"},"yoast_head":"<!-- This site is optimized with the Yoast SEO plugin v27.2 - https:\/\/yoast.com\/product\/yoast-seo-wordpress\/ -->\n<title>B\u00e1n 4 ph\u00f2ng ng\u1ee7 Vinhomes T\u00e2n C\u1ea3ng 187m2 view s\u00f4ng - Vinhomes Central Park<\/title>\n<meta name=\"robots\" content=\"index, follow, max-snippet:-1, max-image-preview:large, max-video-preview:-1\" \/>\n<link rel=\"canonical\" href=\"https:\/\/vananland.com\/vinhomescentralpark\/san-pham\/ban-4-phong-ngu-vinhomes-tan-cang-187m2-view-song\/\" \/>\n<meta property=\"og:locale\" content=\"vi_VN\" \/>\n<meta property=\"og:type\" content=\"article\" \/>\n<meta property=\"og:title\" content=\"B\u00e1n 4 ph\u00f2ng ng\u1ee7 Vinhomes T\u00e2n C\u1ea3ng 187m2 view s\u00f4ng - Vinhomes Central Park\" \/>\n<meta property=\"og:description\" content=\"Gi\u00e1 B\u00e1n : 17 t\u1ef7 \u2013 T\u00ecnh tr\u1ea1ng n\u1ed9i th\u1ea5t: n\u1ed9i th\u1ea5t \u0111\u1ea7y \u0111\u1ee7 \u2013 Thu\u1ed9c khu: Park 2 Vinhomes Central Park T\u00e2n C\u1ea3ng \u2013 T\u00ecnh tr\u1ea1ng ph\u00e1p l\u00fd: S\u1edf h\u1eefu l\u00e2u d\u00e0i \u2013 View c\u0103n h\u1ed9: view s\u00f4ng kh\u00f4ng ch\u1eafn Ch\u00ednh ch\u1ee7 c\u1ea7n b\u00e1n g\u1ea5p, n\u00ean c\u00f3 gi\u00e1 c\u1ef1c t\u1ed1t trong th\u00e1ng n\u00e0y. V\u1ecb...\" \/>\n<meta property=\"og:url\" content=\"https:\/\/vananland.com\/vinhomescentralpark\/san-pham\/ban-4-phong-ngu-vinhomes-tan-cang-187m2-view-song\/\" \/>\n<meta property=\"og:site_name\" content=\"Vinhomes Central Park\" \/>\n<meta property=\"article:modified_time\" content=\"2023-04-27T04:37:47+00:00\" \/>\n<meta property=\"og:image\" content=\"https:\/\/vananland.com\/vinhomescentralpark\/wp-content\/uploads\/2023\/04\/tong-quan-phong-khach-7-scaled-1.jpg\" \/>\n\t<meta property=\"og:image:width\" content=\"2048\" \/>\n\t<meta property=\"og:image:height\" content=\"1536\" \/>\n\t<meta property=\"og:image:type\" content=\"image\/jpeg\" \/>\n<meta name=\"twitter:card\" content=\"summary_large_image\" \/>\n<meta name=\"twitter:label1\" content=\"\u01af\u1edbc t\u00ednh th\u1eddi gian \u0111\u1ecdc\" \/>\n\t<meta name=\"twitter:data1\" content=\"1 ph\u00fat\" \/>\n<script type=\"application\/ld+json\" class=\"yoast-schema-graph\">{\"@context\":\"https:\/\/schema.org\",\"@graph\":[{\"@type\":\"WebPage\",\"@id\":\"https:\/\/vananland.com\/vinhomescentralpark\/san-pham\/ban-4-phong-ngu-vinhomes-tan-cang-187m2-view-song\/\",\"url\":\"https:\/\/vananland.com\/vinhomescentralpark\/san-pham\/ban-4-phong-ngu-vinhomes-tan-cang-187m2-view-song\/\",\"name\":\"B\u00e1n 4 ph\u00f2ng ng\u1ee7 Vinhomes T\u00e2n C\u1ea3ng 187m2 view s\u00f4ng - Vinhomes Central Park\",\"isPartOf\":{\"@id\":\"https:\/\/vananland.com\/vinhomescentralpark\/#website\"},\"primaryImageOfPage\":{\"@id\":\"https:\/\/vananland.com\/vinhomescentralpark\/san-pham\/ban-4-phong-ngu-vinhomes-tan-cang-187m2-view-song\/#primaryimage\"},\"image\":{\"@id\":\"https:\/\/vananland.com\/vinhomescentralpark\/san-pham\/ban-4-phong-ngu-vinhomes-tan-cang-187m2-view-song\/#primaryimage\"},\"thumbnailUrl\":\"https:\/\/vananland.com\/vinhomescentralpark\/wp-content\/uploads\/2023\/04\/tong-quan-phong-khach-7-scaled-1.jpg\",\"datePublished\":\"2023-04-26T04:38:30+00:00\",\"dateModified\":\"2023-04-27T04:37:47+00:00\",\"breadcrumb\":{\"@id\":\"https:\/\/vananland.com\/vinhomescentralpark\/san-pham\/ban-4-phong-ngu-vinhomes-tan-cang-187m2-view-song\/#breadcrumb\"},\"inLanguage\":\"vi\",\"potentialAction\":[{\"@type\":\"ReadAction\",\"target\":[\"https:\/\/vananland.com\/vinhomescentralpark\/san-pham\/ban-4-phong-ngu-vinhomes-tan-cang-187m2-view-song\/\"]}]},{\"@type\":\"ImageObject\",\"inLanguage\":\"vi\",\"@id\":\"https:\/\/vananland.com\/vinhomescentralpark\/san-pham\/ban-4-phong-ngu-vinhomes-tan-cang-187m2-view-song\/#primaryimage\",\"url\":\"https:\/\/vananland.com\/vinhomescentralpark\/wp-content\/uploads\/2023\/04\/tong-quan-phong-khach-7-scaled-1.jpg\",\"contentUrl\":\"https:\/\/vananland.com\/vinhomescentralpark\/wp-content\/uploads\/2023\/04\/tong-quan-phong-khach-7-scaled-1.jpg\",\"width\":2048,\"height\":1536},{\"@type\":\"BreadcrumbList\",\"@id\":\"https:\/\/vananland.com\/vinhomescentralpark\/san-pham\/ban-4-phong-ngu-vinhomes-tan-cang-187m2-view-song\/#breadcrumb\",\"itemListElement\":[{\"@type\":\"ListItem\",\"position\":1,\"name\":\"Home\",\"item\":\"https:\/\/vananland.com\/vinhomescentralpark\/\"},{\"@type\":\"ListItem\",\"position\":2,\"name\":\"C\u1eeda h\u00e0ng\",\"item\":\"https:\/\/vananland.com\/vinhomescentralpark\/mua\/\"},{\"@type\":\"ListItem\",\"position\":3,\"name\":\"B\u00e1n 4 ph\u00f2ng ng\u1ee7 Vinhomes T\u00e2n C\u1ea3ng 187m2 view s\u00f4ng\"}]},{\"@type\":\"WebSite\",\"@id\":\"https:\/\/vananland.com\/vinhomescentralpark\/#website\",\"url\":\"https:\/\/vananland.com\/vinhomescentralpark\/\",\"name\":\"Vinhomes Central Park\",\"description\":\"\",\"potentialAction\":[{\"@type\":\"SearchAction\",\"target\":{\"@type\":\"EntryPoint\",\"urlTemplate\":\"https:\/\/vananland.com\/vinhomescentralpark\/?s={search_term_string}\"},\"query-input\":{\"@type\":\"PropertyValueSpecification\",\"valueRequired\":true,\"valueName\":\"search_term_string\"}}],\"inLanguage\":\"vi\"}]}<\/script>\n<!-- \/ Yoast SEO plugin. -->","yoast_head_json":{"title":"B\u00e1n 4 ph\u00f2ng ng\u1ee7 Vinhomes T\u00e2n C\u1ea3ng 187m2 view s\u00f4ng - Vinhomes Central Park","robots":{"index":"index","follow":"follow","max-snippet":"max-snippet:-1","max-image-preview":"max-image-preview:large","max-video-preview":"max-video-preview:-1"},"canonical":"https:\/\/vananland.com\/vinhomescentralpark\/san-pham\/ban-4-phong-ngu-vinhomes-tan-cang-187m2-view-song\/","og_locale":"vi_VN","og_type":"article","og_title":"B\u00e1n 4 ph\u00f2ng ng\u1ee7 Vinhomes T\u00e2n C\u1ea3ng 187m2 view s\u00f4ng - Vinhomes Central Park","og_description":"Gi\u00e1 B\u00e1n : 17 t\u1ef7 \u2013 T\u00ecnh tr\u1ea1ng n\u1ed9i th\u1ea5t: n\u1ed9i th\u1ea5t \u0111\u1ea7y \u0111\u1ee7 \u2013 Thu\u1ed9c khu: Park 2 Vinhomes Central Park T\u00e2n C\u1ea3ng \u2013 T\u00ecnh tr\u1ea1ng ph\u00e1p l\u00fd: S\u1edf h\u1eefu l\u00e2u d\u00e0i \u2013 View c\u0103n h\u1ed9: view s\u00f4ng kh\u00f4ng ch\u1eafn Ch\u00ednh ch\u1ee7 c\u1ea7n b\u00e1n g\u1ea5p, n\u00ean c\u00f3 gi\u00e1 c\u1ef1c t\u1ed1t trong th\u00e1ng n\u00e0y. V\u1ecb...","og_url":"https:\/\/vananland.com\/vinhomescentralpark\/san-pham\/ban-4-phong-ngu-vinhomes-tan-cang-187m2-view-song\/","og_site_name":"Vinhomes Central Park","article_modified_time":"2023-04-27T04:37:47+00:00","og_image":[{"width":2048,"height":1536,"url":"https:\/\/vananland.com\/vinhomescentralpark\/wp-content\/uploads\/2023\/04\/tong-quan-phong-khach-7-scaled-1.jpg","type":"image\/jpeg"}],"twitter_card":"summary_large_image","twitter_misc":{"\u01af\u1edbc t\u00ednh th\u1eddi gian \u0111\u1ecdc":"1 ph\u00fat"},"schema":{"@context":"https:\/\/schema.org","@graph":[{"@type":"WebPage","@id":"https:\/\/vananland.com\/vinhomescentralpark\/san-pham\/ban-4-phong-ngu-vinhomes-tan-cang-187m2-view-song\/","url":"https:\/\/vananland.com\/vinhomescentralpark\/san-pham\/ban-4-phong-ngu-vinhomes-tan-cang-187m2-view-song\/","name":"B\u00e1n 4 ph\u00f2ng ng\u1ee7 Vinhomes T\u00e2n C\u1ea3ng 187m2 view s\u00f4ng - Vinhomes Central Park","isPartOf":{"@id":"https:\/\/vananland.com\/vinhomescentralpark\/#website"},"primaryImageOfPage":{"@id":"https:\/\/vananland.com\/vinhomescentralpark\/san-pham\/ban-4-phong-ngu-vinhomes-tan-cang-187m2-view-song\/#primaryimage"},"image":{"@id":"https:\/\/vananland.com\/vinhomescentralpark\/san-pham\/ban-4-phong-ngu-vinhomes-tan-cang-187m2-view-song\/#primaryimage"},"thumbnailUrl":"https:\/\/vananland.com\/vinhomescentralpark\/wp-content\/uploads\/2023\/04\/tong-quan-phong-khach-7-scaled-1.jpg","datePublished":"2023-04-26T04:38:30+00:00","dateModified":"2023-04-27T04:37:47+00:00","breadcrumb":{"@id":"https:\/\/vananland.com\/vinhomescentralpark\/san-pham\/ban-4-phong-ngu-vinhomes-tan-cang-187m2-view-song\/#breadcrumb"},"inLanguage":"vi","potentialAction":[{"@type":"ReadAction","target":["https:\/\/vananland.com\/vinhomescentralpark\/san-pham\/ban-4-phong-ngu-vinhomes-tan-cang-187m2-view-song\/"]}]},{"@type":"ImageObject","inLanguage":"vi","@id":"https:\/\/vananland.com\/vinhomescentralpark\/san-pham\/ban-4-phong-ngu-vinhomes-tan-cang-187m2-view-song\/#primaryimage","url":"https:\/\/vananland.com\/vinhomescentralpark\/wp-content\/uploads\/2023\/04\/tong-quan-phong-khach-7-scaled-1.jpg","contentUrl":"https:\/\/vananland.com\/vinhomescentralpark\/wp-content\/uploads\/2023\/04\/tong-quan-phong-khach-7-scaled-1.jpg","width":2048,"height":1536},{"@type":"BreadcrumbList","@id":"https:\/\/vananland.com\/vinhomescentralpark\/san-pham\/ban-4-phong-ngu-vinhomes-tan-cang-187m2-view-song\/#breadcrumb","itemListElement":[{"@type":"ListItem","position":1,"name":"Home","item":"https:\/\/vananland.com\/vinhomescentralpark\/"},{"@type":"ListItem","position":2,"name":"C\u1eeda h\u00e0ng","item":"https:\/\/vananland.com\/vinhomescentralpark\/mua\/"},{"@type":"ListItem","position":3,"name":"B\u00e1n 4 ph\u00f2ng ng\u1ee7 Vinhomes T\u00e2n C\u1ea3ng 187m2 view s\u00f4ng"}]},{"@type":"WebSite","@id":"https:\/\/vananland.com\/vinhomescentralpark\/#website","url":"https:\/\/vananland.com\/vinhomescentralpark\/","name":"Vinhomes Central Park","description":"","potentialAction":[{"@type":"SearchAction","target":{"@type":"EntryPoint","urlTemplate":"https:\/\/vananland.com\/vinhomescentralpark\/?s={search_term_string}"},"query-input":{"@type":"PropertyValueSpecification","valueRequired":true,"valueName":"search_term_string"}}],"inLanguage":"vi"}]}},"_links":{"self":[{"href":"https:\/\/vananland.com\/vinhomescentralpark\/wp-json\/wp\/v2\/product\/1679","targetHints":{"allow":["GET"]}}],"collection":[{"href":"https:\/\/vananland.com\/vinhomescentralpark\/wp-json\/wp\/v2\/product"}],"about":[{"href":"https:\/\/vananland.com\/vinhomescentralpark\/wp-json\/wp\/v2\/types\/product"}],"wp:featuredmedia":[{"embeddable":true,"href":"https:\/\/vananland.com\/vinhomescentralpark\/wp-json\/wp\/v2\/media\/1683"}],"wp:attachment":[{"href":"https:\/\/vananland.com\/vinhomescentralpark\/wp-json\/wp\/v2\/media?parent=1679"}],"wp:term":[{"taxonomy":"product_brand","embeddable":true,"href":"https:\/\/vananland.com\/vinhomescentralpark\/wp-json\/wp\/v2\/product_brand?post=1679"},{"taxonomy":"product_cat","embeddable":true,"href":"https:\/\/vananland.com\/vinhomescentralpark\/wp-json\/wp\/v2\/product_cat?post=1679"},{"taxonomy":"product_tag","embeddable":true,"href":"https:\/\/vananland.com\/vinhomescentralpark\/wp-json\/wp\/v2\/product_tag?post=1679"}],"curies":[{"name":"wp","href":"https:\/\/api.w.org\/{rel}","templated":true}]}}