{"id":1987,"date":"2026-03-24T19:54:56","date_gmt":"2026-03-24T12:54:56","guid":{"rendered":"https:\/\/vananland.com\/the-global-city\/?post_type=product&#038;p=1987"},"modified":"2026-03-24T19:56:03","modified_gmt":"2026-03-24T12:56:03","slug":"gia-tot-nhat-truc-n2-the-global-city-nha-hoan-thien-vao-van-hanh-ngay-truc-duong-20m-kinh-doanh","status":"publish","type":"product","link":"https:\/\/vananland.com\/the-global-city\/san-pham\/gia-tot-nhat-truc-n2-the-global-city-nha-hoan-thien-vao-van-hanh-ngay-truc-duong-20m-kinh-doanh\/","title":{"rendered":"Gi\u00e1 t\u1ed1t nh\u1ea5t tr\u1ee5c N2 &#8211; The Global City nh\u00e0 ho\u00e0n thi\u1ec7n v\u00e0o v\u1eadn h\u00e0nh ngay tr\u1ee5c \u0111\u01b0\u1eddng 20m kinh doanh"},"content":{"rendered":"<div class=\"re__section re__pr-description js__section js__li-description\">\n<div class=\"re__section-body re__detail-content js__section-body js__pr-description js__tracking\">V\u1ecb tr\u00ed: Tr\u1ee5c N2 K\u0110T The Global City, TP. Th\u1ee7 \u0110\u1ee9c.<br \/>\nTuy\u1ebfn \u0111\u01b0\u1eddng 20m thu\u1eadn ti\u1ec7n kinh doanh &amp; m\u1edf v\u0103n ph\u00f2ng.<br \/>\nKhu \u0111ang t\u1eadp trung nhi\u1ec1u c\u00f4ng ty v\u1eadn h\u00e0nh nh\u1eadn di\u1ec7n th\u01b0\u01a1ng hi\u1ec7u t\u1ed1t.Th\u00f4ng tin nh\u00e0:<br \/>\nDi\u1ec7n t\u00edch: 5m x 19m.<br \/>\nNh\u00e0 \u0111\u00e3 ho\u00e0n thi\u1ec7n t\u1ed1i \u01b0u l\u00e0m v\u0103n ph\u00f2ng \/ showroom.<br \/>\nKh\u00f4ng gian linh ho\u1ea1t d\u1ec5 setup theo nhu c\u1ea7u.<\/p>\n<p>\u01afu \u0111i\u1ec3m n\u1ed5i b\u1eadt:<br \/>\nGi\u00e1 t\u1ed1t nh\u1ea5t tr\u1ee5c N2 hi\u1ec7n t\u1ea1i.<br \/>\n\u0110\u01b0\u1eddng l\u1edbn xe h\u01a1i \u0111\u1eadu tho\u1ea3i m\u00e1i.<br \/>\nPh\u00f9 h\u1ee3p: V\u0103n ph\u00f2ng c\u00f4ng ty showroom studio spa trung t\u00e2m \u0111\u00e0o t\u1ea1o.<br \/>\nNh\u1eadn nh\u00e0 khai th\u00e1c ngay.<\/p>\n<p>Li\u00ean h\u1ec7 xem nh\u00e0 ngay.<br \/>\nGh\u00e9 trang c\u00e1 nh\u00e2n em \u0111\u1ec3 xem th\u00eam nhi\u1ec1u nh\u00e0 ph\u1ed1 &amp; v\u0103n ph\u00f2ng gi\u00e1 t\u1ed1t t\u1ea1i The Global City m\u1ed7i ng\u00e0y nh\u00e9!<\/p>\n<\/div>\n<\/div>\n<div class=\"re__section re__pr-specs re__pr-specs-v1 js__section js__li-specs\"><\/div>\n","protected":false},"excerpt":{"rendered":"<p>V\u1ecb tr\u00ed: Tr\u1ee5c N2 K\u0110T The Global City, TP. Th\u1ee7 \u0110\u1ee9c. Tuy\u1ebfn \u0111\u01b0\u1eddng 20m thu\u1eadn ti\u1ec7n kinh doanh &amp; m\u1edf v\u0103n ph\u00f2ng. Khu \u0111ang t\u1eadp trung nhi\u1ec1u c\u00f4ng ty v\u1eadn h\u00e0nh nh\u1eadn di\u1ec7n th\u01b0\u01a1ng hi\u1ec7u t\u1ed1t.Th\u00f4ng tin nh\u00e0: Di\u1ec7n t\u00edch: 5m x 19m. Nh\u00e0 \u0111\u00e3 ho\u00e0n thi\u1ec7n t\u1ed1i \u01b0u l\u00e0m v\u0103n ph\u00f2ng \/ showroom. Kh\u00f4ng&#8230;<\/p>\n","protected":false},"featured_media":1980,"template":"","meta":[],"product_brand":[],"product_cat":[69],"product_tag":[],"class_list":{"0":"post-1987","1":"product","2":"type-product","3":"status-publish","4":"has-post-thumbnail","6":"product_cat-cho-thue-shophouse-the-global-city","8":"first","9":"instock","10":"shipping-taxable","11":"purchasable","12":"product-type-simple"},"yoast_head":"<!-- This site is optimized with the Yoast SEO plugin v27.2 - https:\/\/yoast.com\/product\/yoast-seo-wordpress\/ -->\n<title>Gi\u00e1 t\u1ed1t nh\u1ea5t tr\u1ee5c N2 - The Global City nh\u00e0 ho\u00e0n thi\u1ec7n v\u00e0o v\u1eadn h\u00e0nh ngay tr\u1ee5c \u0111\u01b0\u1eddng 20m kinh doanh - The Global City<\/title>\n<meta name=\"robots\" content=\"index, follow, max-snippet:-1, max-image-preview:large, max-video-preview:-1\" \/>\n<link rel=\"canonical\" href=\"https:\/\/vananland.com\/the-global-city\/san-pham\/gia-tot-nhat-truc-n2-the-global-city-nha-hoan-thien-vao-van-hanh-ngay-truc-duong-20m-kinh-doanh\/\" \/>\n<meta property=\"og:locale\" content=\"vi_VN\" \/>\n<meta property=\"og:type\" content=\"article\" \/>\n<meta property=\"og:title\" content=\"Gi\u00e1 t\u1ed1t nh\u1ea5t tr\u1ee5c N2 - The Global City nh\u00e0 ho\u00e0n thi\u1ec7n v\u00e0o v\u1eadn h\u00e0nh ngay tr\u1ee5c \u0111\u01b0\u1eddng 20m kinh doanh - The Global City\" \/>\n<meta property=\"og:description\" content=\"V\u1ecb tr\u00ed: Tr\u1ee5c N2 K\u0110T The Global City, TP. Th\u1ee7 \u0110\u1ee9c. Tuy\u1ebfn \u0111\u01b0\u1eddng 20m thu\u1eadn ti\u1ec7n kinh doanh &amp; m\u1edf v\u0103n ph\u00f2ng. Khu \u0111ang t\u1eadp trung nhi\u1ec1u c\u00f4ng ty v\u1eadn h\u00e0nh nh\u1eadn di\u1ec7n th\u01b0\u01a1ng hi\u1ec7u t\u1ed1t.Th\u00f4ng tin nh\u00e0: Di\u1ec7n t\u00edch: 5m x 19m. Nh\u00e0 \u0111\u00e3 ho\u00e0n thi\u1ec7n t\u1ed1i \u01b0u l\u00e0m v\u0103n ph\u00f2ng \/ showroom. Kh\u00f4ng...\" \/>\n<meta property=\"og:url\" content=\"https:\/\/vananland.com\/the-global-city\/san-pham\/gia-tot-nhat-truc-n2-the-global-city-nha-hoan-thien-vao-van-hanh-ngay-truc-duong-20m-kinh-doanh\/\" \/>\n<meta property=\"og:site_name\" content=\"The Global City\" \/>\n<meta property=\"article:modified_time\" content=\"2026-03-24T12:56:03+00:00\" \/>\n<meta property=\"og:image\" content=\"https:\/\/vananland.com\/the-global-city\/wp-content\/uploads\/2026\/03\/11.jpg\" \/>\n\t<meta property=\"og:image:width\" content=\"960\" \/>\n\t<meta property=\"og:image:height\" content=\"1280\" \/>\n\t<meta property=\"og:image:type\" content=\"image\/jpeg\" \/>\n<meta name=\"twitter:card\" content=\"summary_large_image\" \/>\n<meta name=\"twitter:label1\" content=\"\u01af\u1edbc t\u00ednh th\u1eddi gian \u0111\u1ecdc\" \/>\n\t<meta name=\"twitter:data1\" content=\"1 ph\u00fat\" \/>\n<script type=\"application\/ld+json\" class=\"yoast-schema-graph\">{\"@context\":\"https:\/\/schema.org\",\"@graph\":[{\"@type\":\"WebPage\",\"@id\":\"https:\/\/vananland.com\/the-global-city\/san-pham\/gia-tot-nhat-truc-n2-the-global-city-nha-hoan-thien-vao-van-hanh-ngay-truc-duong-20m-kinh-doanh\/\",\"url\":\"https:\/\/vananland.com\/the-global-city\/san-pham\/gia-tot-nhat-truc-n2-the-global-city-nha-hoan-thien-vao-van-hanh-ngay-truc-duong-20m-kinh-doanh\/\",\"name\":\"Gi\u00e1 t\u1ed1t nh\u1ea5t tr\u1ee5c N2 - The Global City nh\u00e0 ho\u00e0n thi\u1ec7n v\u00e0o v\u1eadn h\u00e0nh ngay tr\u1ee5c \u0111\u01b0\u1eddng 20m kinh doanh - The Global City\",\"isPartOf\":{\"@id\":\"https:\/\/vananland.com\/the-global-city\/#website\"},\"primaryImageOfPage\":{\"@id\":\"https:\/\/vananland.com\/the-global-city\/san-pham\/gia-tot-nhat-truc-n2-the-global-city-nha-hoan-thien-vao-van-hanh-ngay-truc-duong-20m-kinh-doanh\/#primaryimage\"},\"image\":{\"@id\":\"https:\/\/vananland.com\/the-global-city\/san-pham\/gia-tot-nhat-truc-n2-the-global-city-nha-hoan-thien-vao-van-hanh-ngay-truc-duong-20m-kinh-doanh\/#primaryimage\"},\"thumbnailUrl\":\"https:\/\/vananland.com\/the-global-city\/wp-content\/uploads\/2026\/03\/11.jpg\",\"datePublished\":\"2026-03-24T12:54:56+00:00\",\"dateModified\":\"2026-03-24T12:56:03+00:00\",\"breadcrumb\":{\"@id\":\"https:\/\/vananland.com\/the-global-city\/san-pham\/gia-tot-nhat-truc-n2-the-global-city-nha-hoan-thien-vao-van-hanh-ngay-truc-duong-20m-kinh-doanh\/#breadcrumb\"},\"inLanguage\":\"vi\",\"potentialAction\":[{\"@type\":\"ReadAction\",\"target\":[\"https:\/\/vananland.com\/the-global-city\/san-pham\/gia-tot-nhat-truc-n2-the-global-city-nha-hoan-thien-vao-van-hanh-ngay-truc-duong-20m-kinh-doanh\/\"]}]},{\"@type\":\"ImageObject\",\"inLanguage\":\"vi\",\"@id\":\"https:\/\/vananland.com\/the-global-city\/san-pham\/gia-tot-nhat-truc-n2-the-global-city-nha-hoan-thien-vao-van-hanh-ngay-truc-duong-20m-kinh-doanh\/#primaryimage\",\"url\":\"https:\/\/vananland.com\/the-global-city\/wp-content\/uploads\/2026\/03\/11.jpg\",\"contentUrl\":\"https:\/\/vananland.com\/the-global-city\/wp-content\/uploads\/2026\/03\/11.jpg\",\"width\":960,\"height\":1280},{\"@type\":\"BreadcrumbList\",\"@id\":\"https:\/\/vananland.com\/the-global-city\/san-pham\/gia-tot-nhat-truc-n2-the-global-city-nha-hoan-thien-vao-van-hanh-ngay-truc-duong-20m-kinh-doanh\/#breadcrumb\",\"itemListElement\":[{\"@type\":\"ListItem\",\"position\":1,\"name\":\"Home\",\"item\":\"https:\/\/vananland.com\/the-global-city\/\"},{\"@type\":\"ListItem\",\"position\":2,\"name\":\"C\u1eeda h\u00e0ng\",\"item\":\"https:\/\/vananland.com\/the-global-city\/mua\/\"},{\"@type\":\"ListItem\",\"position\":3,\"name\":\"Gi\u00e1 t\u1ed1t nh\u1ea5t tr\u1ee5c N2 &#8211; The Global City nh\u00e0 ho\u00e0n thi\u1ec7n v\u00e0o v\u1eadn h\u00e0nh ngay tr\u1ee5c \u0111\u01b0\u1eddng 20m kinh doanh\"}]},{\"@type\":\"WebSite\",\"@id\":\"https:\/\/vananland.com\/the-global-city\/#website\",\"url\":\"https:\/\/vananland.com\/the-global-city\/\",\"name\":\"The Global City\",\"description\":\"\",\"potentialAction\":[{\"@type\":\"SearchAction\",\"target\":{\"@type\":\"EntryPoint\",\"urlTemplate\":\"https:\/\/vananland.com\/the-global-city\/?s={search_term_string}\"},\"query-input\":{\"@type\":\"PropertyValueSpecification\",\"valueRequired\":true,\"valueName\":\"search_term_string\"}}],\"inLanguage\":\"vi\"}]}<\/script>\n<!-- \/ Yoast SEO plugin. -->","yoast_head_json":{"title":"Gi\u00e1 t\u1ed1t nh\u1ea5t tr\u1ee5c N2 - The Global City nh\u00e0 ho\u00e0n thi\u1ec7n v\u00e0o v\u1eadn h\u00e0nh ngay tr\u1ee5c \u0111\u01b0\u1eddng 20m kinh doanh - The Global City","robots":{"index":"index","follow":"follow","max-snippet":"max-snippet:-1","max-image-preview":"max-image-preview:large","max-video-preview":"max-video-preview:-1"},"canonical":"https:\/\/vananland.com\/the-global-city\/san-pham\/gia-tot-nhat-truc-n2-the-global-city-nha-hoan-thien-vao-van-hanh-ngay-truc-duong-20m-kinh-doanh\/","og_locale":"vi_VN","og_type":"article","og_title":"Gi\u00e1 t\u1ed1t nh\u1ea5t tr\u1ee5c N2 - The Global City nh\u00e0 ho\u00e0n thi\u1ec7n v\u00e0o v\u1eadn h\u00e0nh ngay tr\u1ee5c \u0111\u01b0\u1eddng 20m kinh doanh - The Global City","og_description":"V\u1ecb tr\u00ed: Tr\u1ee5c N2 K\u0110T The Global City, TP. Th\u1ee7 \u0110\u1ee9c. Tuy\u1ebfn \u0111\u01b0\u1eddng 20m thu\u1eadn ti\u1ec7n kinh doanh &amp; m\u1edf v\u0103n ph\u00f2ng. Khu \u0111ang t\u1eadp trung nhi\u1ec1u c\u00f4ng ty v\u1eadn h\u00e0nh nh\u1eadn di\u1ec7n th\u01b0\u01a1ng hi\u1ec7u t\u1ed1t.Th\u00f4ng tin nh\u00e0: Di\u1ec7n t\u00edch: 5m x 19m. Nh\u00e0 \u0111\u00e3 ho\u00e0n thi\u1ec7n t\u1ed1i \u01b0u l\u00e0m v\u0103n ph\u00f2ng \/ showroom. Kh\u00f4ng...","og_url":"https:\/\/vananland.com\/the-global-city\/san-pham\/gia-tot-nhat-truc-n2-the-global-city-nha-hoan-thien-vao-van-hanh-ngay-truc-duong-20m-kinh-doanh\/","og_site_name":"The Global City","article_modified_time":"2026-03-24T12:56:03+00:00","og_image":[{"width":960,"height":1280,"url":"https:\/\/vananland.com\/the-global-city\/wp-content\/uploads\/2026\/03\/11.jpg","type":"image\/jpeg"}],"twitter_card":"summary_large_image","twitter_misc":{"\u01af\u1edbc t\u00ednh th\u1eddi gian \u0111\u1ecdc":"1 ph\u00fat"},"schema":{"@context":"https:\/\/schema.org","@graph":[{"@type":"WebPage","@id":"https:\/\/vananland.com\/the-global-city\/san-pham\/gia-tot-nhat-truc-n2-the-global-city-nha-hoan-thien-vao-van-hanh-ngay-truc-duong-20m-kinh-doanh\/","url":"https:\/\/vananland.com\/the-global-city\/san-pham\/gia-tot-nhat-truc-n2-the-global-city-nha-hoan-thien-vao-van-hanh-ngay-truc-duong-20m-kinh-doanh\/","name":"Gi\u00e1 t\u1ed1t nh\u1ea5t tr\u1ee5c N2 - The Global City nh\u00e0 ho\u00e0n thi\u1ec7n v\u00e0o v\u1eadn h\u00e0nh ngay tr\u1ee5c \u0111\u01b0\u1eddng 20m kinh doanh - The Global City","isPartOf":{"@id":"https:\/\/vananland.com\/the-global-city\/#website"},"primaryImageOfPage":{"@id":"https:\/\/vananland.com\/the-global-city\/san-pham\/gia-tot-nhat-truc-n2-the-global-city-nha-hoan-thien-vao-van-hanh-ngay-truc-duong-20m-kinh-doanh\/#primaryimage"},"image":{"@id":"https:\/\/vananland.com\/the-global-city\/san-pham\/gia-tot-nhat-truc-n2-the-global-city-nha-hoan-thien-vao-van-hanh-ngay-truc-duong-20m-kinh-doanh\/#primaryimage"},"thumbnailUrl":"https:\/\/vananland.com\/the-global-city\/wp-content\/uploads\/2026\/03\/11.jpg","datePublished":"2026-03-24T12:54:56+00:00","dateModified":"2026-03-24T12:56:03+00:00","breadcrumb":{"@id":"https:\/\/vananland.com\/the-global-city\/san-pham\/gia-tot-nhat-truc-n2-the-global-city-nha-hoan-thien-vao-van-hanh-ngay-truc-duong-20m-kinh-doanh\/#breadcrumb"},"inLanguage":"vi","potentialAction":[{"@type":"ReadAction","target":["https:\/\/vananland.com\/the-global-city\/san-pham\/gia-tot-nhat-truc-n2-the-global-city-nha-hoan-thien-vao-van-hanh-ngay-truc-duong-20m-kinh-doanh\/"]}]},{"@type":"ImageObject","inLanguage":"vi","@id":"https:\/\/vananland.com\/the-global-city\/san-pham\/gia-tot-nhat-truc-n2-the-global-city-nha-hoan-thien-vao-van-hanh-ngay-truc-duong-20m-kinh-doanh\/#primaryimage","url":"https:\/\/vananland.com\/the-global-city\/wp-content\/uploads\/2026\/03\/11.jpg","contentUrl":"https:\/\/vananland.com\/the-global-city\/wp-content\/uploads\/2026\/03\/11.jpg","width":960,"height":1280},{"@type":"BreadcrumbList","@id":"https:\/\/vananland.com\/the-global-city\/san-pham\/gia-tot-nhat-truc-n2-the-global-city-nha-hoan-thien-vao-van-hanh-ngay-truc-duong-20m-kinh-doanh\/#breadcrumb","itemListElement":[{"@type":"ListItem","position":1,"name":"Home","item":"https:\/\/vananland.com\/the-global-city\/"},{"@type":"ListItem","position":2,"name":"C\u1eeda h\u00e0ng","item":"https:\/\/vananland.com\/the-global-city\/mua\/"},{"@type":"ListItem","position":3,"name":"Gi\u00e1 t\u1ed1t nh\u1ea5t tr\u1ee5c N2 &#8211; The Global City nh\u00e0 ho\u00e0n thi\u1ec7n v\u00e0o v\u1eadn h\u00e0nh ngay tr\u1ee5c \u0111\u01b0\u1eddng 20m kinh doanh"}]},{"@type":"WebSite","@id":"https:\/\/vananland.com\/the-global-city\/#website","url":"https:\/\/vananland.com\/the-global-city\/","name":"The Global City","description":"","potentialAction":[{"@type":"SearchAction","target":{"@type":"EntryPoint","urlTemplate":"https:\/\/vananland.com\/the-global-city\/?s={search_term_string}"},"query-input":{"@type":"PropertyValueSpecification","valueRequired":true,"valueName":"search_term_string"}}],"inLanguage":"vi"}]}},"_links":{"self":[{"href":"https:\/\/vananland.com\/the-global-city\/wp-json\/wp\/v2\/product\/1987","targetHints":{"allow":["GET"]}}],"collection":[{"href":"https:\/\/vananland.com\/the-global-city\/wp-json\/wp\/v2\/product"}],"about":[{"href":"https:\/\/vananland.com\/the-global-city\/wp-json\/wp\/v2\/types\/product"}],"wp:featuredmedia":[{"embeddable":true,"href":"https:\/\/vananland.com\/the-global-city\/wp-json\/wp\/v2\/media\/1980"}],"wp:attachment":[{"href":"https:\/\/vananland.com\/the-global-city\/wp-json\/wp\/v2\/media?parent=1987"}],"wp:term":[{"taxonomy":"product_brand","embeddable":true,"href":"https:\/\/vananland.com\/the-global-city\/wp-json\/wp\/v2\/product_brand?post=1987"},{"taxonomy":"product_cat","embeddable":true,"href":"https:\/\/vananland.com\/the-global-city\/wp-json\/wp\/v2\/product_cat?post=1987"},{"taxonomy":"product_tag","embeddable":true,"href":"https:\/\/vananland.com\/the-global-city\/wp-json\/wp\/v2\/product_tag?post=1987"}],"curies":[{"name":"wp","href":"https:\/\/api.w.org\/{rel}","templated":true}]}}